{"id":314,"date":"2025-12-06T22:20:40","date_gmt":"2025-12-06T21:20:40","guid":{"rendered":"https:\/\/psienawyki.pl\/?page_id=314"},"modified":"2026-02-12T12:57:45","modified_gmt":"2026-02-12T11:57:45","slug":"spacer-socjalizacyjny","status":"publish","type":"page","link":"https:\/\/psienawyki.pl\/index.php\/spacer-socjalizacyjny\/","title":{"rendered":"Spacer socjalizacyjny"},"content":{"rendered":"\n<p class=\"has-text-align-center\"><strong>Spacer socjalizacyjny<\/strong><\/p>\n\n\n\n<p>Jest dla Was, je\u015bli chcecie pozna\u0107 zasady psiego savoir-vivre\u2019u, Tw\u00f3j pies jest niepewny w kontaktach z innymi psami lub chcecie dalej rozwija\u0107 i wzmacnia\u0107 umiej\u0119tno\u015bci spo\u0142eczne. Na takim spacerze odpowiednio dopasowuj\u0119 do siebie psy charakterem oraz umiej\u0119tno\u015bciami tak, aby ka\u017cdy m\u00f3g\u0142 wynie\u015b\u0107 z takiego spotkania jak najwi\u0119cej.&nbsp;<\/p>\n\n\n\n<p><strong>Lokalizacja<\/strong>: w terenie&nbsp;<\/p>\n\n\n\n<p><strong>Czas trwania:<\/strong> 1 godzina<\/p>\n\n\n\n<p><strong>Koszt:<\/strong> 160 z\u0142<\/p>\n\n\n\n<hr class=\"wp-block-separator has-text-color has-white-color has-alpha-channel-opacity has-white-background-color has-background is-style-wide\" style=\"margin-top:var(--wp--preset--spacing--50);margin-bottom:var(--wp--preset--spacing--50)\"\/>\n","protected":false},"excerpt":{"rendered":"<p>Spacer socjalizacyjny Jest dla Was, je\u015bli chcecie pozna\u0107 zasady psiego savoir-vivre\u2019u, Tw\u00f3j pies jest niepewny w kontaktach z innymi psami lub chcecie dalej rozwija\u0107 i wzmacnia\u0107 umiej\u0119tno\u015bci spo\u0142eczne. Na takim spacerze odpowiednio dopasowuj\u0119 do siebie psy charakterem oraz umiej\u0119tno\u015bciami tak, aby ka\u017cdy m\u00f3g\u0142 wynie\u015b\u0107 z takiego spotkania jak najwi\u0119cej.&nbsp; Lokalizacja: [&hellip;]<\/p>\n","protected":false},"author":1,"featured_media":0,"parent":0,"menu_order":0,"comment_status":"closed","ping_status":"closed","template":"","meta":{"pgc_sgb_lightbox_settings":"","_themeisle_gutenberg_block_has_review":false,"footnotes":""},"class_list":["post-314","page","type-page","status-publish","hentry"],"featured_image_src":null,"yoast_head":"<!-- This site is optimized with the Yoast SEO plugin v26.8 - https:\/\/yoast.com\/product\/yoast-seo-wordpress\/ -->\n<title>Spacer socjalizacyjny - Psie Nawyki<\/title>\n<meta name=\"description\" content=\"Jest dla Was je\u015bli pies jest niepewny w kontaktach z innymi psami lub chcecie dalej rozwija\u0107 i wzmacnia\u0107 umiej\u0119tno\u015bci spo\u0142eczne.\" \/>\n<meta name=\"robots\" content=\"index, follow, max-snippet:-1, max-image-preview:large, max-video-preview:-1\" \/>\n<link rel=\"canonical\" href=\"https:\/\/psienawyki.pl\/index.php\/spacer-socjalizacyjny\/\" \/>\n<meta property=\"og:locale\" content=\"en_US\" \/>\n<meta property=\"og:type\" content=\"article\" \/>\n<meta property=\"og:title\" content=\"Spacer socjalizacyjny - Psie Nawyki\" \/>\n<meta property=\"og:description\" content=\"Jest dla Was je\u015bli pies jest niepewny w kontaktach z innymi psami lub chcecie dalej rozwija\u0107 i wzmacnia\u0107 umiej\u0119tno\u015bci spo\u0142eczne.\" \/>\n<meta property=\"og:url\" content=\"https:\/\/psienawyki.pl\/index.php\/spacer-socjalizacyjny\/\" \/>\n<meta property=\"og:site_name\" content=\"Psie Nawyki\" \/>\n<meta property=\"article:publisher\" content=\"https:\/\/www.facebook.com\/PsieNawyki\" \/>\n<meta property=\"article:modified_time\" content=\"2026-02-12T11:57:45+00:00\" \/>\n<meta name=\"twitter:card\" content=\"summary_large_image\" \/>\n<meta name=\"twitter:label1\" content=\"Est. reading time\" \/>\n\t<meta name=\"twitter:data1\" content=\"1 minute\" \/>\n<script type=\"application\/ld+json\" class=\"yoast-schema-graph\">{\"@context\":\"https:\/\/schema.org\",\"@graph\":[{\"@type\":\"WebPage\",\"@id\":\"https:\/\/psienawyki.pl\/index.php\/spacer-socjalizacyjny\/\",\"url\":\"https:\/\/psienawyki.pl\/index.php\/spacer-socjalizacyjny\/\",\"name\":\"Spacer socjalizacyjny - Psie Nawyki\",\"isPartOf\":{\"@id\":\"https:\/\/psienawyki.pl\/#website\"},\"datePublished\":\"2025-12-06T21:20:40+00:00\",\"dateModified\":\"2026-02-12T11:57:45+00:00\",\"description\":\"Jest dla Was je\u015bli pies jest niepewny w kontaktach z innymi psami lub chcecie dalej rozwija\u0107 i wzmacnia\u0107 umiej\u0119tno\u015bci spo\u0142eczne.\",\"breadcrumb\":{\"@id\":\"https:\/\/psienawyki.pl\/index.php\/spacer-socjalizacyjny\/#breadcrumb\"},\"inLanguage\":\"en-US\",\"potentialAction\":[{\"@type\":\"ReadAction\",\"target\":[\"https:\/\/psienawyki.pl\/index.php\/spacer-socjalizacyjny\/\"]}]},{\"@type\":\"BreadcrumbList\",\"@id\":\"https:\/\/psienawyki.pl\/index.php\/spacer-socjalizacyjny\/#breadcrumb\",\"itemListElement\":[{\"@type\":\"ListItem\",\"position\":1,\"name\":\"Home\",\"item\":\"https:\/\/psienawyki.pl\/\"},{\"@type\":\"ListItem\",\"position\":2,\"name\":\"Spacer socjalizacyjny\"}]},{\"@type\":\"WebSite\",\"@id\":\"https:\/\/psienawyki.pl\/#website\",\"url\":\"https:\/\/psienawyki.pl\/\",\"name\":\"Psie Nawyki\",\"description\":\"Psie Nawyki \u2013 Krak\u00f3w | Szkolenie ps\u00f3w, behawiorystka\",\"publisher\":{\"@id\":\"https:\/\/psienawyki.pl\/#organization\"},\"potentialAction\":[{\"@type\":\"SearchAction\",\"target\":{\"@type\":\"EntryPoint\",\"urlTemplate\":\"https:\/\/psienawyki.pl\/?s={search_term_string}\"},\"query-input\":{\"@type\":\"PropertyValueSpecification\",\"valueRequired\":true,\"valueName\":\"search_term_string\"}}],\"inLanguage\":\"en-US\"},{\"@type\":\"Organization\",\"@id\":\"https:\/\/psienawyki.pl\/#organization\",\"name\":\"Psie Nawyki\",\"url\":\"https:\/\/psienawyki.pl\/\",\"logo\":{\"@type\":\"ImageObject\",\"inLanguage\":\"en-US\",\"@id\":\"https:\/\/psienawyki.pl\/#\/schema\/logo\/image\/\",\"url\":\"https:\/\/psienawyki.pl\/wp-content\/uploads\/2025\/11\/486165878_8862172407221923_2549958133671265391_n.jpg\",\"contentUrl\":\"https:\/\/psienawyki.pl\/wp-content\/uploads\/2025\/11\/486165878_8862172407221923_2549958133671265391_n.jpg\",\"width\":2048,\"height\":1368,\"caption\":\"Psie Nawyki\"},\"image\":{\"@id\":\"https:\/\/psienawyki.pl\/#\/schema\/logo\/image\/\"},\"sameAs\":[\"https:\/\/www.facebook.com\/PsieNawyki\",\"https:\/\/www.instagram.com\/psienawyki\/\"]}]}<\/script>\n<!-- \/ Yoast SEO plugin. -->","yoast_head_json":{"title":"Spacer socjalizacyjny - Psie Nawyki","description":"Jest dla Was je\u015bli pies jest niepewny w kontaktach z innymi psami lub chcecie dalej rozwija\u0107 i wzmacnia\u0107 umiej\u0119tno\u015bci spo\u0142eczne.","robots":{"index":"index","follow":"follow","max-snippet":"max-snippet:-1","max-image-preview":"max-image-preview:large","max-video-preview":"max-video-preview:-1"},"canonical":"https:\/\/psienawyki.pl\/index.php\/spacer-socjalizacyjny\/","og_locale":"en_US","og_type":"article","og_title":"Spacer socjalizacyjny - Psie Nawyki","og_description":"Jest dla Was je\u015bli pies jest niepewny w kontaktach z innymi psami lub chcecie dalej rozwija\u0107 i wzmacnia\u0107 umiej\u0119tno\u015bci spo\u0142eczne.","og_url":"https:\/\/psienawyki.pl\/index.php\/spacer-socjalizacyjny\/","og_site_name":"Psie Nawyki","article_publisher":"https:\/\/www.facebook.com\/PsieNawyki","article_modified_time":"2026-02-12T11:57:45+00:00","twitter_card":"summary_large_image","twitter_misc":{"Est. reading time":"1 minute"},"schema":{"@context":"https:\/\/schema.org","@graph":[{"@type":"WebPage","@id":"https:\/\/psienawyki.pl\/index.php\/spacer-socjalizacyjny\/","url":"https:\/\/psienawyki.pl\/index.php\/spacer-socjalizacyjny\/","name":"Spacer socjalizacyjny - Psie Nawyki","isPartOf":{"@id":"https:\/\/psienawyki.pl\/#website"},"datePublished":"2025-12-06T21:20:40+00:00","dateModified":"2026-02-12T11:57:45+00:00","description":"Jest dla Was je\u015bli pies jest niepewny w kontaktach z innymi psami lub chcecie dalej rozwija\u0107 i wzmacnia\u0107 umiej\u0119tno\u015bci spo\u0142eczne.","breadcrumb":{"@id":"https:\/\/psienawyki.pl\/index.php\/spacer-socjalizacyjny\/#breadcrumb"},"inLanguage":"en-US","potentialAction":[{"@type":"ReadAction","target":["https:\/\/psienawyki.pl\/index.php\/spacer-socjalizacyjny\/"]}]},{"@type":"BreadcrumbList","@id":"https:\/\/psienawyki.pl\/index.php\/spacer-socjalizacyjny\/#breadcrumb","itemListElement":[{"@type":"ListItem","position":1,"name":"Home","item":"https:\/\/psienawyki.pl\/"},{"@type":"ListItem","position":2,"name":"Spacer socjalizacyjny"}]},{"@type":"WebSite","@id":"https:\/\/psienawyki.pl\/#website","url":"https:\/\/psienawyki.pl\/","name":"Psie Nawyki","description":"Psie Nawyki \u2013 Krak\u00f3w | Szkolenie ps\u00f3w, behawiorystka","publisher":{"@id":"https:\/\/psienawyki.pl\/#organization"},"potentialAction":[{"@type":"SearchAction","target":{"@type":"EntryPoint","urlTemplate":"https:\/\/psienawyki.pl\/?s={search_term_string}"},"query-input":{"@type":"PropertyValueSpecification","valueRequired":true,"valueName":"search_term_string"}}],"inLanguage":"en-US"},{"@type":"Organization","@id":"https:\/\/psienawyki.pl\/#organization","name":"Psie Nawyki","url":"https:\/\/psienawyki.pl\/","logo":{"@type":"ImageObject","inLanguage":"en-US","@id":"https:\/\/psienawyki.pl\/#\/schema\/logo\/image\/","url":"https:\/\/psienawyki.pl\/wp-content\/uploads\/2025\/11\/486165878_8862172407221923_2549958133671265391_n.jpg","contentUrl":"https:\/\/psienawyki.pl\/wp-content\/uploads\/2025\/11\/486165878_8862172407221923_2549958133671265391_n.jpg","width":2048,"height":1368,"caption":"Psie Nawyki"},"image":{"@id":"https:\/\/psienawyki.pl\/#\/schema\/logo\/image\/"},"sameAs":["https:\/\/www.facebook.com\/PsieNawyki","https:\/\/www.instagram.com\/psienawyki\/"]}]}},"_links":{"self":[{"href":"https:\/\/psienawyki.pl\/index.php\/wp-json\/wp\/v2\/pages\/314","targetHints":{"allow":["GET"]}}],"collection":[{"href":"https:\/\/psienawyki.pl\/index.php\/wp-json\/wp\/v2\/pages"}],"about":[{"href":"https:\/\/psienawyki.pl\/index.php\/wp-json\/wp\/v2\/types\/page"}],"author":[{"embeddable":true,"href":"https:\/\/psienawyki.pl\/index.php\/wp-json\/wp\/v2\/users\/1"}],"replies":[{"embeddable":true,"href":"https:\/\/psienawyki.pl\/index.php\/wp-json\/wp\/v2\/comments?post=314"}],"version-history":[{"count":3,"href":"https:\/\/psienawyki.pl\/index.php\/wp-json\/wp\/v2\/pages\/314\/revisions"}],"predecessor-version":[{"id":736,"href":"https:\/\/psienawyki.pl\/index.php\/wp-json\/wp\/v2\/pages\/314\/revisions\/736"}],"wp:attachment":[{"href":"https:\/\/psienawyki.pl\/index.php\/wp-json\/wp\/v2\/media?parent=314"}],"curies":[{"name":"wp","href":"https:\/\/api.w.org\/{rel}","templated":true}]}}